{"version":"1.0","provider_name":"1. oszt\u00e1ly (leend\u0151 els\u0151s\u00f6k, ovisok, kisiskol\u00e1sok sz\u00fcleinek figyelm\u00e9be ) Oszt\u00e1ly vigy\u00e1zz!!","provider_url":"https:\/\/elsoosztaly.cafeblog.hu","author_name":"Tortuga","author_url":"https:\/\/elsoosztaly.cafeblog.hu\/author\/Tortuga-2-2\/","title":"Csal\u00e1dl\u00e1togat\u00e1s","html":"<p><span style=\"font-size: 16px\">&nbsp;<\/span><!--[if gte mso 9]&gt;     Normal   0   21                         MicrosoftInternetExplorer4   &lt;![endif]--><!--[if gte mso 10]&gt;   \/* Style Definitions *\/  table.MsoNormalTable \t{mso-style-name:\"Norm\u00e1l t\u00e1bl\u00e1zat\"; \tmso-tstyle-rowband-size:0; \tmso-tstyle-colband-size:0; \tmso-style-noshow:yes; \tmso-style-parent:\"\"; \tmso-padding-alt:0cm 5.4pt 0cm 5.4pt; \tmso-para-margin:0cm; \tmso-para-margin-bottom:.0001pt; \tmso-pagination:widow-orphan; \tfont-size:10.0pt; \tfont-family:\"Times New Roman\";}  &lt;![endif]--><span style=\"font-size: 16px\">  <\/span><\/p><h3 style=\"font-weight: bold\"><span style=\"font-size: 16px;font-weight: normal\">Csal\u00e1dl\u00e1togat\u00e1s<\/span><\/h3><br><h3><span style=\"font-size: 12pt;font-weight: normal\"><span style=\"font-size: 16px\">Ma m\u00e1r nem k\u00f6telez\u0151 a pedag\u00f3gusnak csal\u00e1dot l\u00e1togatni ( t\u00falterhelts\u00e9g miatt, sz\u00fcl\u0151k r\u00e9sz\u00e9r\u0151l pedig: mag\u00e1n\u00fcgynek tekintik ami a csal\u00e1dban t\u00f6rt\u00e9nik, pl.:anyagi helyzet\u00fck \u2013ez egy lak\u00e1sba, h\u00e1zba val\u00f3 bel\u00e9p\u00e9skor azonnal kider\u00fcl, esetleges h\u00e1zast\u00e1rsi vit\u00e1ik nem tartoznak a pedag\u00f3gusra) de vannak olyan iskol\u00e1k, ahol szerepel a pedag\u00f3giai programban, hogy augusztus v\u00e9g\u00e9t\u0151l<\/span><span style=\"font-size: 16px\">&nbsp; <\/span><span style=\"font-size: 16px\">okt\u00f3ber v\u00e9g\u00e9ig, vagy a f\u00e9l\u00e9v v\u00e9g\u00e9ig az oszt\u00e1lyban tanul\u00f3 gyerekekhez el kell l\u00e1togatnia az oszt\u00e1lyf\u0151n\u00f6knek.<\/span><\/span><\/h3><span style=\"font-size: 16px\">  <\/span><h3><span style=\"font-size: 12pt;font-weight: normal\"><span style=\"font-size: 16px\">Sz\u00fcl\u0151i \u00e9rtekezleteken ,fogad\u00f3 \u00f3r\u00e1kon<\/span><span style=\"font-size: 16px\">&nbsp; <\/span><span style=\"font-size: 16px\">k\u00fcl\u00f6nb\u00f6z\u0151 iskolai rendezv\u00e9nyeken k\u00edv\u00fcl nincs alkalma besz\u00e9lgetni a tan\u00edt\u00f3nak a sz\u00fcl\u0151kkel, pedig a <\/span><u><span style=\"font-size: 16px\">gyermek jobb megismer\u00e9se<\/span><\/u><span style=\"font-size: 16px\"> \u00e9rdek\u00e9ben ez elengedhetetlen lenne.<\/span><\/span><\/h3><span style=\"font-size: 16px\">  <\/span><h3><span style=\"font-size: 12pt;font-weight: normal\"><span style=\"font-size: 16px\">A tan\u00edt\u00f3- ha<\/span><span style=\"font-size: 16px\">&nbsp; <\/span><span style=\"font-size: 16px\">nem volt felv\u00e9teliztet\u00e9s az int\u00e9zm\u00e9nybe, vagy g\u00f3lyat\u00e1bor-, a<\/span><span style=\"font-size: 16px\">&nbsp; <\/span><span style=\"font-size: 16px\">nev\u00e9n, kor\u00e1n k\u00edv\u00fcl semmit nem tud gyermekedr\u0151l. <\/span><span style=\"font-size: 16px\">&nbsp;<\/span><span style=\"font-size: 16px\">Elegend\u0151-e ez?<\/span><\/span><\/h3><span style=\"font-size: 16px\">  <\/span><h3><span style=\"font-size: 12pt;font-weight: normal\"><span style=\"font-size: 16px\">Probl\u00e9m\u00e1k gy\u00f6kere sok esetben a csal\u00e1dban keresend\u0151, \u00e9s ha a csal\u00e1di h\u00e1tt\u00e9rt nem ismeri az oszt\u00e1lyf\u0151n\u00f6k,<\/span><span style=\"font-size: 16px\">&nbsp; <\/span><span style=\"font-size: 16px\">minden igyekezete a probl\u00e9ma megold\u00e1s\u00e1ra hi\u00e1baval\u00f3 lesz.<\/span><\/span><\/h3><span style=\"font-size: 16px\">  <\/span><h3><span style=\"font-size: 16px;font-weight: normal\">A csal\u00e1dl\u00e1togat\u00e1s nem fog sok\u00e1ig tartani max. 15-20 perc. Gondolj arra, hogy h\u00e1nyan fognak rajtatok k\u00edv\u00fcl m\u00e9g j\u00e1rni az oszt\u00e1lyba, val\u00f3sz\u00edn\u0171 robog majd tov\u00e1bb hozz\u00e1juk is a tan\u00edt\u00f3n\u00e9ni!<\/span><\/h3><span style=\"font-size: 16px\">  <\/span><h3><span style=\"font-size: 16px;font-weight: normal\">Nincs sz\u00fcks\u00e9g arra, hogy elhalmozd majd uzsonn\u00e1val, hisz nem vend\u00e9gs\u00e9gbe \u00e9rkezik hozz\u00e1tok, hanem pedag\u00f3giai c\u00e9llal. Egy\u00e9bk\u00e9nt megtisztel\u0151 lehet, ha az \u00e9desapa is jelen van a besz\u00e9lget\u00e9sn\u00e9l.<\/span><\/h3><span style=\"font-size: 16px\">  <\/span><h3><span style=\"font-size: 16px;font-weight: normal\">Csal\u00e1dl\u00e1togat\u00e1s c\u00e9lja: -szem\u00e9lyes bemutatkoz\u00e1s a sz\u00fcl\u0151knek, a leend\u0151 kis tanul\u00f3nak<\/span><\/h3><span style=\"font-size: 16px\">  <\/span><h3><span style=\"font-size: 12pt;font-weight: normal\"><span style=\"font-size: 16px\">&nbsp;&nbsp;&nbsp;&nbsp;&nbsp;&nbsp;&nbsp;&nbsp;&nbsp;&nbsp;&nbsp;&nbsp;&nbsp;&nbsp;&nbsp;&nbsp;&nbsp;&nbsp;&nbsp;&nbsp;&nbsp;&nbsp;&nbsp;&nbsp;&nbsp;&nbsp;&nbsp;&nbsp;&nbsp;&nbsp;&nbsp;&nbsp;&nbsp;&nbsp;&nbsp; <\/span><span style=\"font-size: 16px\">- anamn\u00e9zis felv\u00e9tele, a k\u00e9rd\u0151\u00edv kit\u00f6lt\u00e9se (lsd.: lejjebb)<\/span><\/span><\/h3><span style=\"font-size: 16px\">  <\/span><h3><span style=\"font-size: 12pt;font-weight: normal\"><span style=\"font-size: 16px\">&nbsp;&nbsp;&nbsp;&nbsp;&nbsp;&nbsp;&nbsp;&nbsp;&nbsp;&nbsp;&nbsp;&nbsp;&nbsp;&nbsp;&nbsp;&nbsp;&nbsp;&nbsp;&nbsp;&nbsp;&nbsp;&nbsp;&nbsp;&nbsp;&nbsp;&nbsp;&nbsp;&nbsp;&nbsp;&nbsp;&nbsp;&nbsp;&nbsp;&nbsp;&nbsp;&nbsp; <\/span><span style=\"font-size: 16px\">-csal\u00e1di k\u00f6rnyezet felt\u00e9rk\u00e9pez\u00e9se ( hol fog tanulni a gyermeked, van-e \u00edr\u00f3asztala, k\u00fcl\u00f6n szob\u00e1ban, k\u00fcl\u00f6n \u00e1gyon alszik-e?)<\/span><\/span><\/h3><span style=\"font-size: 16px\">  <\/span><h3><span style=\"font-size: 16px;font-weight: normal\">K\u00e9rd\u0151\u00edv k\u00e9rd\u00e9sei ( ah\u00e1ny k\u00e9rd\u0151\u00edv annyif\u00e9le, de a fontosabb k\u00e9rd\u00e9sek ezek ):<\/span><\/h3><span style=\"font-size: 16px\">  <\/span><h3 style=\"margin-left: 36pt;text-indent: -18pt\"><span style=\"font-size: 12pt;font-weight: normal\"><span><span style=\"font-size: 16px\">-<\/span><span>&nbsp;&nbsp;&nbsp;&nbsp;&nbsp;&nbsp;&nbsp;&nbsp; <\/span><\/span><\/span><span style=\"font-size: 16px;font-weight: normal\">Gyermek adatai<\/span><\/h3><span style=\"font-size: 16px\">  <\/span><h3 style=\"margin-left: 36pt;text-indent: -18pt\"><span style=\"font-size: 12pt;font-weight: normal\"><span><span style=\"font-size: 16px\">-<\/span><span>&nbsp;&nbsp;&nbsp;&nbsp;&nbsp;&nbsp;&nbsp;&nbsp; <\/span><\/span><\/span><span style=\"font-size: 16px;font-weight: normal\">Anya adatai ( n\u00e9v, foglalkoz\u00e1s, iskolai v\u00e9gzetts\u00e9g)<\/span><\/h3><span style=\"font-size: 16px\">  <\/span><h3 style=\"margin-left: 36pt;text-indent: -18pt\"><span style=\"font-size: 12pt;font-weight: normal\"><span><span style=\"font-size: 16px\">-<\/span><span>&nbsp;&nbsp;&nbsp;&nbsp;&nbsp;&nbsp;&nbsp;&nbsp; <\/span><\/span><\/span><span style=\"font-size: 16px;font-weight: normal\">Apa adatai ( n\u00e9v, foglalkoz\u00e1s, iskolai v\u00e9gzetts\u00e9g)<\/span><\/h3><span style=\"font-size: 16px\">  <\/span><h3 style=\"margin-left: 36pt;text-indent: -18pt\"><span style=\"font-size: 12pt;font-weight: normal\"><span><span style=\"font-size: 16px\">-<\/span><span>&nbsp;&nbsp;&nbsp;&nbsp;&nbsp;&nbsp;&nbsp;&nbsp; <\/span><\/span><\/span><span style=\"font-size: 16px;font-weight: normal\">Csal\u00e1dszerkezet: teljes csal\u00e1d, csonka csal\u00e1d ( apa vagy anya egyed\u00fcl nevel), v\u00e1l\u00e1s a csal\u00e1dban, gener\u00e1ci\u00f3k egy\u00fctt \u00e9lnek ( nagysz\u00fcl\u0151kkel)<\/span><\/h3><span style=\"font-size: 16px\">  <\/span><h3 style=\"margin-left: 36pt;text-indent: -18pt\"><span style=\"font-size: 12pt;font-weight: normal\"><span><span style=\"font-size: 16px\">-<\/span><span>&nbsp;&nbsp;&nbsp;&nbsp;&nbsp;&nbsp;&nbsp;&nbsp; <\/span><\/span><\/span><span style=\"font-size: 16px;font-weight: normal\">H\u00e1nyan laknak egy\u00fctt? Testv\u00e9rek sz\u00e1ma \u00e9s kora<\/span><\/h3><span style=\"font-size: 16px\">  <\/span><h3 style=\"margin-left: 36pt;text-indent: -18pt\"><span style=\"font-size: 12pt;font-weight: normal\"><span><span style=\"font-size: 16px\">-<\/span><span>&nbsp;&nbsp;&nbsp;&nbsp;&nbsp;&nbsp;&nbsp;&nbsp; <\/span><\/span><\/span><span style=\"font-size: 16px;font-weight: normal\">Lak\u00e1sk\u00f6r\u00fclm\u00e9nyek ( komfort n\u00e9lk\u00fcli, komfortos, \u00f6sszkomfortos? )<\/span><\/h3><span style=\"font-size: 16px\">  <\/span><h3 style=\"margin-left: 36pt;text-indent: -18pt\"><span style=\"font-size: 12pt;font-weight: normal\"><span><span style=\"font-size: 16px\">-<\/span><span>&nbsp;&nbsp;&nbsp;&nbsp;&nbsp;&nbsp;&nbsp;&nbsp; <\/span><\/span><\/span><span style=\"font-size: 16px;font-weight: normal\">Van-e a gyermeknek saj\u00e1t szob\u00e1ja, \u00edr\u00f3asztala, \u00e1gya?<\/span><\/h3><span style=\"font-size: 16px\">  <\/span><h3 style=\"margin-left: 36pt;text-indent: -18pt\"><span style=\"font-size: 12pt;font-weight: normal\"><span><span style=\"font-size: 16px\">-<\/span><span>&nbsp;&nbsp;&nbsp;&nbsp;&nbsp;&nbsp;&nbsp;&nbsp; <\/span><\/span><\/span><span style=\"font-size: 16px;font-weight: normal\">Milyen a gyermek eg\u00e9szs\u00e9gi \u00e1llapota, gy\u00f3gyszer\u00e9rz\u00e9kenys\u00e9ge, allergi\u00e1ja van-e? Milyen gyakran beteg?<\/span><\/h3><span style=\"font-size: 16px\">  <\/span><h3 style=\"margin-left: 36pt;text-indent: -18pt\"><span style=\"font-size: 12pt;font-weight: normal\"><span><span style=\"font-size: 16px\">-<\/span><span>&nbsp;&nbsp;&nbsp;&nbsp;&nbsp;&nbsp;&nbsp;&nbsp; <\/span><\/span><\/span><span style=\"font-size: 16px;font-weight: normal\">H\u00e1ny \u00e9vig j\u00e1rt \u00f3vod\u00e1ba?<\/span><\/h3><span style=\"font-size: 16px\">  <\/span><h3 style=\"margin-left: 36pt;text-indent: -18pt\"><span style=\"font-size: 12pt;font-weight: normal\"><span><span style=\"font-size: 16px\">-<\/span><span>&nbsp;&nbsp;&nbsp;&nbsp;&nbsp;&nbsp;&nbsp;&nbsp; <\/span><\/span><\/span><span style=\"font-size: 12pt;font-weight: normal\"><span style=\"font-size: 16px\">&nbsp;<\/span><span style=\"font-size: 16px\">Hogyan zajlott az \u00f3vodai beilleszked\u00e9se?<\/span><\/span><\/h3><span style=\"font-size: 16px\">  <\/span><h3 style=\"margin-left: 36pt;text-indent: -18pt\"><span style=\"font-size: 12pt;font-weight: normal\"><span><span style=\"font-size: 16px\">-<\/span><span>&nbsp;&nbsp;&nbsp;&nbsp;&nbsp;&nbsp;&nbsp;&nbsp; <\/span><\/span><\/span><span style=\"font-size: 16px;font-weight: normal\">Milyen a term\u00e9szete? ( bar\u00e1tkoz\u00f3, f\u00e9l\u00e9nk, visszah\u00faz\u00f3d\u00f3)<\/span><\/h3><span style=\"font-size: 16px\">  <\/span><h3 style=\"margin-left: 36pt;text-indent: -18pt\"><span style=\"font-size: 12pt;font-weight: normal\"><span><span style=\"font-size: 16px\">-<\/span><span>&nbsp;&nbsp;&nbsp;&nbsp;&nbsp;&nbsp;&nbsp;&nbsp; <\/span><\/span><\/span><span style=\"font-size: 16px;font-weight: normal\">J\u00e1rt-e az \u00f3vod\u00e1ban logop\u00e9dushoz, pszichol\u00f3gushoz, fejleszt\u0151 pedag\u00f3gushoz? Ha igen, mi\u00e9rt volt r\u00e1 sz\u00fcks\u00e9g?<\/span><\/h3><span style=\"font-size: 16px\">  <\/span><h3 style=\"margin-left: 36pt;text-indent: -18pt\"><span style=\"font-size: 12pt;font-weight: normal\"><span><span style=\"font-size: 16px\">-<\/span><span>&nbsp;&nbsp;&nbsp;&nbsp;&nbsp;&nbsp;&nbsp;&nbsp; <\/span><\/span><\/span><span style=\"font-size: 16px;font-weight: normal\">Milyen \u00f3vodai foglalkoz\u00e1sokat kedvelt?<\/span><\/h3><span style=\"font-size: 16px\">  <\/span><h3 style=\"margin-left: 36pt;text-indent: -18pt\"><span style=\"font-size: 12pt;font-weight: normal\"><span><span style=\"font-size: 16px\">-<\/span><span>&nbsp;&nbsp;&nbsp;&nbsp;&nbsp;&nbsp;&nbsp;&nbsp; <\/span><\/span><\/span><span style=\"font-size: 16px;font-weight: normal\">\u00d6n szerint valamiben tehets\u00e9ges-e gyermeke<\/span><\/h3><span style=\"font-size: 16px\">  <\/span><h3 style=\"margin-left: 36pt;text-indent: -18pt\"><span style=\"font-size: 12pt;font-weight: normal\"><span><span style=\"font-size: 16px\">-<\/span><span>&nbsp;&nbsp;&nbsp;&nbsp;&nbsp;&nbsp;&nbsp;&nbsp; <\/span><\/span><\/span><span style=\"font-size: 16px;font-weight: normal\">Egy\u00e9b k\u00f6zlend\u0151:<\/span><\/h3><span style=\"font-size: 16px\">K\u00f6sz\u00f6n\u00f6m, hogy elolvastad.<\/span><br><br><span style=\"font-size: 16px\">    \n<\/span>","type":"rich"}

1. osztály (leendő elsősök, ovisok, kisiskolások szüleinek figyelmébe ) Osztály vigyázz!!

Családlátogatás

<p><span style="font-size: 16px">&nbsp;</span><!--[if gte mso 9]&gt;     Normal   0   21                         MicrosoftInternetExplorer4   &lt;![endif]--><!--[if gte mso 10]&gt;   /* Style Definitions */  table.MsoNormalTable 	{mso-style-name:"Normál táblázat"; 	mso-tstyle-rowband-size:0; 	mso-tstyle-colband-size:0; 	mso-style-noshow:yes; 	mso-style-parent:""; 	mso-padding-alt:0cm 5.4pt 0cm 5.4pt; 	mso-para-margin:0cm; 	mso-para-margin-bottom:.0001pt; 	mso-pagination:widow-orphan; 	font-size:10.0pt; 	font-family:"Times New Roman";}  &lt;![endif]--><span style="font-size: 16px">  </span></p><h3 style="font-weight: bold"><span style="font-size: 16px;font-weight: normal">Családlátogatás</span></h3><br><h3><span style="font-size: 12pt;font-weight: normal"><span style="font-size: 16px">Ma már nem kötelező a pedagógusnak családot látogatni ( túlterheltség miatt, szülők részéről pedig: magánügynek tekintik ami a családban történik, pl.:anyagi helyzetük –ez egy lakásba, házba való belépéskor azonnal kiderül, esetleges házastársi vitáik nem tartoznak a pedagógusra) de vannak olyan iskolák, ahol szerepel a pedagógiai programban, hogy augusztus végétől</span><span style="font-size: 16px">&nbsp; </span><span style="font-size: 16px">október végéig, vagy a félév végéig az osztályban tanuló gyerekekhez el kell látogatnia az osztályfőnöknek.</span></span></h3><span style="font-size: 16px">  </span><h3><span style="font-size: 12pt;font-weight: normal"><span style="font-size: 16px">Szülői értekezleteken ,fogadó órákon</span><span style="font-size: 16px">&nbsp; </span><span style="font-size: 16px">különböző iskolai rendezvényeken kívül nincs alkalma beszélgetni a tanítónak a szülőkkel, pedig a </span><u><span style="font-size: 16px">gyermek jobb megismerése</span></u><span style="font-size: 16px"> érdekében ez elengedhetetlen lenne.</span></span></h3><span style="font-size: 16px">  </span><h3><span style="font-size: 12pt;font-weight: normal"><span style="font-size: 16px">A tanító- ha</span><span style="font-size: 16px">&nbsp; </span><span style="font-size: 16px">nem volt felvételiztetés az intézménybe, vagy gólyatábor-, a</span><span style="font-size: 16px">&nbsp; </span><span style="font-size: 16px">nevén, korán kívül semmit nem tud gyermekedről. </span><span style="font-size: 16px">&nbsp;</span><span style="font-size: 16px">Elegendő-e ez?</span></span></h3><span style="font-size: 16px">  </span><h3><span style="font-size: 12pt;font-weight: normal"><span style="font-size: 16px">Problémák gyökere sok esetben a családban keresendő, és ha a családi háttért nem ismeri az osztályfőnök,</span><span style="font-size: 16px">&nbsp; </span><span style="font-size: 16px">minden igyekezete a probléma megoldására hiábavaló lesz.</span></span></h3><span style="font-size: 16px">  </span><h3><span style="font-size: 16px;font-weight: normal">A családlátogatás nem fog sokáig tartani max. 15-20 perc. Gondolj arra, hogy hányan fognak rajtatok kívül még járni az osztályba, valószínű robog majd tovább hozzájuk is a tanítónéni!</span></h3><span style="font-size: 16px">  </span><h3><span style="font-size: 16px;font-weight: normal">Nincs szükség arra, hogy elhalmozd majd uzsonnával, hisz nem vendégségbe érkezik hozzátok, hanem pedagógiai céllal. Egyébként megtisztelő lehet, ha az édesapa is jelen van a beszélgetésnél.</span></h3><span style="font-size: 16px">  </span><h3><span style="font-size: 16px;font-weight: normal">Családlátogatás célja: -személyes bemutatkozás a szülőknek, a leendő kis tanulónak</span></h3><span style="font-size: 16px">  </span><h3><span style="font-size: 12pt;font-weight: normal"><span style="font-size: 16px">&nbsp;&nbsp;&nbsp;&nbsp;&nbsp;&nbsp;&nbsp;&nbsp;&nbsp;&nbsp;&nbsp;&nbsp;&nbsp;&nbsp;&nbsp;&nbsp;&nbsp;&nbsp;&nbsp;&nbsp;&nbsp;&nbsp;&nbsp;&nbsp;&nbsp;&nbsp;&nbsp;&nbsp;&nbsp;&nbsp;&nbsp;&nbsp;&nbsp;&nbsp;&nbsp; </span><span style="font-size: 16px">- anamnézis felvétele, a kérdőív kitöltése (lsd.: lejjebb)</span></span></h3><span style="font-size: 16px">  </span><h3><span style="font-size: 12pt;font-weight: normal"><span style="font-size: 16px">&nbsp;&nbsp;&nbsp;&nbsp;&nbsp;&nbsp;&nbsp;&nbsp;&nbsp;&nbsp;&nbsp;&nbsp;&nbsp;&nbsp;&nbsp;&nbsp;&nbsp;&nbsp;&nbsp;&nbsp;&nbsp;&nbsp;&nbsp;&nbsp;&nbsp;&nbsp;&nbsp;&nbsp;&nbsp;&nbsp;&nbsp;&nbsp;&nbsp;&nbsp;&nbsp;&nbsp; </span><span style="font-size: 16px">-családi környezet feltérképezése ( hol fog tanulni a gyermeked, van-e íróasztala, külön szobában, külön ágyon alszik-e?)</span></span></h3><span style="font-size: 16px">  </span><h3><span style="font-size: 16px;font-weight: normal">Kérdőív kérdései ( ahány kérdőív annyiféle, de a fontosabb kérdések ezek ):</span></h3><span style="font-size: 16px">  </span><h3 style="margin-left: 36pt;text-indent: -18pt"><span style="font-size: 12pt;font-weight: normal"><span><span style="font-size: 16px">-</span><span>&nbsp;&nbsp;&nbsp;&nbsp;&nbsp;&nbsp;&nbsp;&nbsp; </span></span></span><span style="font-size: 16px;font-weight: normal">Gyermek adatai</span></h3><span style="font-size: 16px">  </span><h3 style="margin-left: 36pt;text-indent: -18pt"><span style="font-size: 12pt;font-weight: normal"><span><span style="font-size: 16px">-</span><span>&nbsp;&nbsp;&nbsp;&nbsp;&nbsp;&nbsp;&nbsp;&nbsp; </span></span></span><span style="font-size: 16px;font-weight: normal">Anya adatai ( név, foglalkozás, iskolai végzettség)</span></h3><span style="font-size: 16px">  </span><h3 style="margin-left: 36pt;text-indent: -18pt"><span style="font-size: 12pt;font-weight: normal"><span><span style="font-size: 16px">-</span><span>&nbsp;&nbsp;&nbsp;&nbsp;&nbsp;&nbsp;&nbsp;&nbsp; </span></span></span><span style="font-size: 16px;font-weight: normal">Apa adatai ( név, foglalkozás, iskolai végzettség)</span></h3><span style="font-size: 16px">  </span><h3 style="margin-left: 36pt;text-indent: -18pt"><span style="font-size: 12pt;font-weight: normal"><span><span style="font-size: 16px">-</span><span>&nbsp;&nbsp;&nbsp;&nbsp;&nbsp;&nbsp;&nbsp;&nbsp; </span></span></span><span style="font-size: 16px;font-weight: normal">Családszerkezet: teljes család, csonka család ( apa vagy anya egyedül nevel), válás a családban, generációk együtt élnek ( nagyszülőkkel)</span></h3><span style="font-size: 16px">  </span><h3 style="margin-left: 36pt;text-indent: -18pt"><span style="font-size: 12pt;font-weight: normal"><span><span style="font-size: 16px">-</span><span>&nbsp;&nbsp;&nbsp;&nbsp;&nbsp;&nbsp;&nbsp;&nbsp; </span></span></span><span style="font-size: 16px;font-weight: normal">Hányan laknak együtt? Testvérek száma és kora</span></h3><span style="font-size: 16px">  </span><h3 style="margin-left: 36pt;text-indent: -18pt"><span style="font-size: 12pt;font-weight: normal"><span><span style="font-size: 16px">-</span><span>&nbsp;&nbsp;&nbsp;&nbsp;&nbsp;&nbsp;&nbsp;&nbsp; </span></span></span><span style="font-size: 16px;font-weight: normal">Lakáskörülmények ( komfort nélküli, komfortos, összkomfortos? )</span></h3><span style="font-size: 16px">  </span><h3 style="margin-left: 36pt;text-indent: -18pt"><span style="font-size: 12pt;font-weight: normal"><span><span style="font-size: 16px">-</span><span>&nbsp;&nbsp;&nbsp;&nbsp;&nbsp;&nbsp;&nbsp;&nbsp; </span></span></span><span style="font-size: 16px;font-weight: normal">Van-e a gyermeknek saját szobája, íróasztala, ágya?</span></h3><span style="font-size: 16px">  </span><h3 style="margin-left: 36pt;text-indent: -18pt"><span style="font-size: 12pt;font-weight: normal"><span><span style="font-size: 16px">-</span><span>&nbsp;&nbsp;&nbsp;&nbsp;&nbsp;&nbsp;&nbsp;&nbsp; </span></span></span><span style="font-size: 16px;font-weight: normal">Milyen a gyermek egészségi állapota, gyógyszerérzékenysége, allergiája van-e? Milyen gyakran beteg?</span></h3><span style="font-size: 16px">  </span><h3 style="margin-left: 36pt;text-indent: -18pt"><span style="font-size: 12pt;font-weight: normal"><span><span style="font-size: 16px">-</span><span>&nbsp;&nbsp;&nbsp;&nbsp;&nbsp;&nbsp;&nbsp;&nbsp; </span></span></span><span style="font-size: 16px;font-weight: normal">Hány évig járt óvodába?</span></h3><span style="font-size: 16px">  </span><h3 style="margin-left: 36pt;text-indent: -18pt"><span style="font-size: 12pt;font-weight: normal"><span><span style="font-size: 16px">-</span><span>&nbsp;&nbsp;&nbsp;&nbsp;&nbsp;&nbsp;&nbsp;&nbsp; </span></span></span><span style="font-size: 12pt;font-weight: normal"><span style="font-size: 16px">&nbsp;</span><span style="font-size: 16px">Hogyan zajlott az óvodai beilleszkedése?</span></span></h3><span style="font-size: 16px">  </span><h3 style="margin-left: 36pt;text-indent: -18pt"><span style="font-size: 12pt;font-weight: normal"><span><span style="font-size: 16px">-</span><span>&nbsp;&nbsp;&nbsp;&nbsp;&nbsp;&nbsp;&nbsp;&nbsp; </span></span></span><span style="font-size: 16px;font-weight: normal">Milyen a természete? ( barátkozó, félénk, visszahúzódó)</span></h3><span style="font-size: 16px">  </span><h3 style="margin-left: 36pt;text-indent: -18pt"><span style="font-size: 12pt;font-weight: normal"><span><span style="font-size: 16px">-</span><span>&nbsp;&nbsp;&nbsp;&nbsp;&nbsp;&nbsp;&nbsp;&nbsp; </span></span></span><span style="font-size: 16px;font-weight: normal">Járt-e az óvodában logopédushoz, pszichológushoz, fejlesztő pedagógushoz? Ha igen, miért volt rá szükség?</span></h3><span style="font-size: 16px">  </span><h3 style="margin-left: 36pt;text-indent: -18pt"><span style="font-size: 12pt;font-weight: normal"><span><span style="font-size: 16px">-</span><span>&nbsp;&nbsp;&nbsp;&nbsp;&nbsp;&nbsp;&nbsp;&nbsp; </span></span></span><span style="font-size: 16px;font-weight: normal">Milyen óvodai foglalkozásokat kedvelt?</span></h3><span style="font-size: 16px">  </span><h3 style="margin-left: 36pt;text-indent: -18pt"><span style="font-size: 12pt;font-weight: normal"><span><span style="font-size: 16px">-</span><span>&nbsp;&nbsp;&nbsp;&nbsp;&nbsp;&nbsp;&nbsp;&nbsp; </span></span></span><span style="font-size: 16px;font-weight: normal">Ön szerint valamiben tehetséges-e gyermeke</span></h3><span style="font-size: 16px">  </span><h3 style="margin-left: 36pt;text-indent: -18pt"><span style="font-size: 12pt;font-weight: normal"><span><span style="font-size: 16px">-</span><span>&nbsp;&nbsp;&nbsp;&nbsp;&nbsp;&nbsp;&nbsp;&nbsp; </span></span></span><span style="font-size: 16px;font-weight: normal">Egyéb közlendő:</span></h3><span style="font-size: 16px">Köszönöm, hogy elolvastad.</span><br><br><span style="font-size: 16px">    
</span>
